Let k(w) = -w**2 + 13*w - 4. What are the prime factors of k(6)?
2, 19
Let w(x) = x**2 + 10*x + 24. List the prime factors of w(-11).
5, 7
Let x(m) = m**3 + 6*m**2 - 7*m + 4. Let k be x(-7). Suppose g + 4*u = -12, 3*u = -0*g - k*g + 4. What are the prime factors of g?
2
Let v(d) = d - 4. Let m be v(5). Let q(j) be the third derivative of 2*j**5/15 + j**4/24 - j**3/6 - 3*j**2. What are the prime factors of q(m)?
2
Suppose 3*f = 0, -4*f - 12 = -4*l - 3*f. Let p(k) = -5*k - 2*k - 4 + 2*k + l. What are the prime factors of p(-1)?
2
Let a = 16 + -19. Suppose 3*f - 10 = 8*f + 3*h, -f = h + 4. List the prime factors of (a/(9/(-12)))/f.
2
Let g(w) = -w - 3. Let a be g(-4). What are the prime factors of (1 - a) + 4*1?
2
Suppose -5*i = 28 - 373. What are the prime factors of i?
3, 23
Suppose 2*w = 5*w + 24. What are the prime factors of w/(-10) + 1716/55?
2
Let q = 52 + -12. List the prime factors of q.
2, 5
Let c be (-318)/(-12) + 1/(-2). Suppose -2*b = 2*b - 12. Suppose -b*o = -o - c. What are the prime factors of o?
13
Suppose 6*g - 7*g + 184 = 0. What are the prime factors of g?
2, 23
Let h = 24 - 9. Let r = 39 - h. What are the prime factors of r?
2, 3
Let z = 29 - 1. List the prime factors of z.
2, 7
Let p(i) = i + 16. Let z be p(-12). Let s = z - 4. Suppose s*r + m = 2*r - 31, 5*r - 80 = 5*m. List the prime factors of r.
3, 5
Let g = -36 + 5. Suppose 0 = 6*q - 302 - 4. Let z = q + g. What are the prime factors of z?
2, 5
Suppose 4*v = -2*v + 876. What are the prime factors of v?
2, 73
Let b(i) = -7*i - 1. Let x(y) = 6*y + 1. Let z(g) = -2*b(g) - 3*x(g). List the prime factors of z(-1).
3
Suppose -59 = -4*l + 5*h, -h - 3*h = 5*l - 43. What are the prime factors of l?
11
Suppose -5*d + 955 = -5*r, 4*r = d - 3*d + 376. Suppose 6*w - 5*g - d = w, -5*g = 4*w - 107. List the prime factors of w.
3, 11
Let t be (-4)/((-2)/((-6)/(-3))). Suppose -t*y = -20 - 20. List the prime factors of y.
2, 5
What are the prime factors of 5/2*624/40?
3, 13
Suppose -2*x - 2*h - 42 + 198 = 0, 0 = -5*h. List the prime factors of x.
2, 3, 13
Suppose -60 = -2*p - 2*f + 12, -4*f = 5*p - 184. List the prime factors of p.
2, 5
Let k = 65 - -21. List the prime factors of k.
2, 43
Let i = 51 + -71. Let p be ((-15)/i)/(1/80). Suppose -z - 3*z = -p. What are the prime factors of z?
3, 5
Suppose 0 = -3*i - 3*h + 147, -4*i - 3*h + 225 - 27 = 0. What are the prime factors of i?
3, 17
Let f(g) = 10*g - 2. Let i be 0 + 3/(3/2). List the prime factors of f(i).
2, 3
Suppose 0 = -r + 4, 5*z + 0*r + r - 1354 = 0. List the prime factors of z.
2, 3, 5
Suppose -7*r - 3 = -8*r. Let c = 91 + -61. Suppose -c = -6*g + r*g. List the prime factors of g.
2, 5
Let h = 6 - 18. Let u(y) = y**2 + 10*y + 2. What are the prime factors of u(h)?
2, 13
Let i be (-62)/10 + 1/5. List the prime factors of 6*((-14)/i - 2).
2
Let b(o) be the third derivative of -o**6/120 + o**5/12 - o**4/8 + o**3 + 2*o**2. List the prime factors of b(4).
2, 5
Let v = -36 - -50. What are the prime factors of v?
2, 7
Suppose -w - v = -239, 6*v = 5*w + v - 1195. What are the prime factors of w?
239
Suppose -6*o + 3*o - 3 = -2*k, 25 = 5*k - 4*o. Suppose -3*r + 3 = -k. What are the prime factors of r?
2
Let k(q) = -7*q**2 + 15*q - 7. Let n(l) = -11*l**2 + 23*l - 10. Let c(s) = -8*k(s) + 5*n(s). Let d be c(4). What are the prime factors of (-47)/(-9) - d/9?
5
Suppose 3*t = 3*j + 15 + 33, -2*j = -3*t + 52. What are the prime factors of t?
2, 5
Let f(g) be the third derivative of -g**7/1008 - g**6/720 + g**5/60 - 2*g**2. Let z(h) be the third derivative of f(h). What are the prime factors of z(-1)?
2
List the prime factors of ((-6)/4)/(21/(-3164)).
2, 113
Let q be (-2)/5 + (-2)/(-5). Suppose -6 + q = -d. What are the prime factors of d?
2, 3
Let c(n) = n + 3. Let u be c(5). Let y = -25 + 29. Suppose 2*k + u = -y*p, -p + 3*p = -8. What are the prime factors of k?
2
Let u(n) = n**3 - 3*n**2 - 2*n + 1. Let v be u(4). Let h = -5 + v. Suppose -g - 3*p - 7 = 0, 2*g + 2*g + 4*p = h. List the prime factors of g.
5
Let b = 18 + -11. Let x = -4 + 1. Let q = x + b. List the prime factors of q.
2
Suppose y = -5*k + 43, -81 + 215 = 2*y - 2*k. Suppose 4*v + 56 = 4*t, -4*t - 7 = 4*v - y. List the prime factors of t.
2, 7
Let v(o) = -76*o + 1. Let p be v(1). Let z be (-30 - 0)/(10/p). What are the prime factors of 1/(-4) + z/20?
11
Suppose 0 = -2*t + 6 + 6. Suppose -24 = 3*w - t*w. List the prime factors of w.
2
Suppose -6*n + n - 20 = 0. What are the prime factors of (-2 - -37)*(-3 - n)?
5, 7
Suppose 2*f = -0*d + d + 18, d = -3*f + 22. Let k = f + -3. List the prime factors of k.
5
Let l = 421 - 281. What are the prime factors of l/16 - 3/4?
2
Suppose -3*t - 3*x + 177 = 0, -3*x = 2*t - 0*x - 117. What are the prime factors of t?
2, 3, 5
Let j be (102 - 3)/(-2 - -1). Let v = -64 - j. List the prime factors of (-75)/(-7) - (-10)/v.
11
Suppose o - 11 = w - 2*o, 0 = -5*w - 4*o + 21. Let g be 1 - 1 - (-11)/w. Let k = -8 + g. List the prime factors of k.
3
Let h be (0*2/8)/(-1). Let i(z) = 1 + 0*z + 3 + z. What are the prime factors of i(h)?
2
Let q(s) = 5*s**2 - 2*s + 1. Let c = 13 - 11. List the prime factors of q(c).
17
Suppose -3*d + 25 = 2*d. Let m be (0 + d)/(-1 - 0). List the prime factors of 0 - (m/1 + -1).
2, 3
Let x = 137 - 77. Suppose 0 = 5*g + o + 4*o - 115, -4*g = -4*o - x. What are the prime factors of g?
19
Suppose -3*l = -3*d - 73 + 349, 5*d - 460 = -4*l. Suppose 0*t = -4*t + d. What are the prime factors of t?
23
Let j(z) = -2*z - 6. Let x be j(-4). Suppose 0 = 4*f + 4*h - 36, 3*f + 2*f + 3*h = 35. Let v = x + f. List the prime factors of v.
2, 3
Let u be 2/(-6) - (-14)/6. Let d(x) = -2*x**3 - 2*x**2 + 2*x. Let k be d(-2). Let l = k - u. List the prime factors of l.
2
Suppose -c + 2*m + 9 + 99 = 0, -5*m = -25. What are the prime factors of c?
2, 59
Let f(g) = g**2 - g. Let u be f(0). Suppose -z = -u*z - 54. List the prime factors of z.
2, 3
Let r = -27 - -112. List the prime factors of r.
5, 17
Let n = -15 + 21. Let z be n + (2 - 1)*2. Let x = z - 6. What are the prime factors of x?
2
Let j(o) = -o**2 - 5*o + 5. Let g be j(-5). Let b = 39 + g. What are the prime factors of b?
2, 11
Let t(d) = d**3 - 6*d**2 - 7*d + 5. Let y be t(7). Suppose 4*l - 59 = -y*h + 2*h, 77 = 4*l - 3*h. What are the prime factors of l?
17
Let x(o) = o**3 + 4*o**2 - 6*o - 1. Let f be x(-5). Let b = 9 - f. List the prime factors of b.
5
Let r(l) = l**2 + 4*l + 6. Let v(h) = 12*h. Let i be v(3). Suppose -3*q - q = 5*t + i, -4*t = 2*q + 24. List the prime factors of r(q).
2, 3
Let u(i) = i**3 - 8*i**2 + 9. Let b be u(8). Suppose -12 = -g + z, -g + 2*z - b = -26. List the prime factors of g.
7
Suppose -2*p - p = -6. Suppose -p = k + 4. Let x = k - -19. What are the prime factors of x?
13
Let j(g) = -g**2 + 7*g + 2. Let d = -4 + 3. Let y be -2*(d - (2 + -1)). What are the prime factors of j(y)?
2, 7
Let o = 280 - 40. What are the prime factors of o?
2, 3, 5
Let m = 3 + 79. What are the prime factors of m?
2, 41
Suppose 0 = -4*f + 3*m - 7, -5*f - 3*m + 21 + 4 = 0. Suppose -j = f - 49. Let x = j - 27. What are the prime factors of x?
2, 5
Let t = 15 + 51. List the prime factors of t.
2, 3, 11
What are the prime factors of (2 + 13)/(-3*1/(-18))?
2, 3, 5
Let l = 28 - -20. What are the prime factors of l?
2, 3
Let j(h) = h. Let x be j(4). Let z(g) = g**3 - 5*g**2 + 4*g - 5. Let q be z(x). Let m = 11 + q. What are the prime factors of m?
2, 3
Let t(g) = -g**3 + 8*g**2 + 12*g - 13. Suppose 4*z - 5*q = 46, 4*z - 40 = q + q. What are the prime factors of t(z)?
2, 7
Suppose 2*i = 4*i. Suppose i = 3*q - 65 + 11. What are the prime factors of q?
2, 3
Suppose 4 = 2*k - 6*k. Let i = 14 + k. List the prime factors of i.
13
Let d = 106 - 45. Suppose -3*w = 3*m - 2*w - d, -5*m - 4*w = -104. What are the prime factors of m?
2, 5
Let r = -3 + 7. Suppose -f = 3*j - 62, 7*j - 68 = r*j - 4*f. What are the prime factors of j?
2, 5
Let f = -85 - -124. What are the prime factors of f?
3, 13
Let z(k) = -11*k**2 + 19*k**2 + 5*k - 7*k**2 + 2. List the prime factors of z(-5).
2
Suppose 0 = 7*a - 2*a - 10. Suppose 10 = 2*g + 3*o + o, a*o = 8. What are the prime factors of -4*((-42)/(-8))/g?
7
Let x be 7*4 + (4 - 7). Let o(z) = 16*z**3 - 2*z**2 - 2*z - 1. Let g be o(-1). What are the prime factors o